{"id":3280,"date":"2026-04-08T14:06:30","date_gmt":"2026-04-08T12:06:30","guid":{"rendered":"https:\/\/famipaberlin.de\/event\/yaslilikta-goeruelen-hastaliklar-bilgilendirme-etkinligi-ve-aktiv-katilim-kursu\/"},"modified":"2026-04-08T14:06:30","modified_gmt":"2026-04-08T12:06:30","slug":"yaslilikta-goeruelen-hastaliklar-bilgilendirme-etkinligi-ve-aktiv-katilim-kursu","status":"publish","type":"event","link":"https:\/\/famipaberlin.de\/tr\/event\/yaslilikta-goeruelen-hastaliklar-bilgilendirme-etkinligi-ve-aktiv-katilim-kursu\/","title":{"rendered":"&#8216;Ya\u015fl\u0131l\u0131kta g\u00f6r\u00fclen hastal\u0131klar&#8217; bilgilendirme etkinli\u011fi ve AKTIV kat\u0131l\u0131m kursu"},"featured_media":2366,"template":"","meta":{"_acf_changed":false,"inline_featured_image":false},"target-group":[52],"class_list":["post-3280","event","type-event","status-publish","has-post-thumbnail","hentry","target-group-yaslilar-ve-yakinlari-icin"],"acf":[],"yoast_head":"<!-- This site is optimized with the Yoast SEO plugin v27.3 - https:\/\/yoast.com\/product\/yoast-seo-wordpress\/ -->\n<title>&#039;Ya\u015fl\u0131l\u0131kta g\u00f6r\u00fclen hastal\u0131klar&#039; bilgilendirme etkinli\u011fi ve AKTIV kat\u0131l\u0131m kursu - FaMiPA<\/title>\n<meta name=\"robots\" content=\"index, follow, max-snippet:-1, max-image-preview:large, max-video-preview:-1\" \/>\n<link rel=\"canonical\" href=\"https:\/\/famipaberlin.de\/tr\/event\/yaslilikta-goeruelen-hastaliklar-bilgilendirme-etkinligi-ve-aktiv-katilim-kursu\/\" \/>\n<meta property=\"og:locale\" content=\"tr_TR\" \/>\n<meta property=\"og:type\" content=\"article\" \/>\n<meta property=\"og:title\" content=\"&#039;Ya\u015fl\u0131l\u0131kta g\u00f6r\u00fclen hastal\u0131klar&#039; bilgilendirme etkinli\u011fi ve AKTIV kat\u0131l\u0131m kursu - FaMiPA\" \/>\n<meta property=\"og:url\" content=\"https:\/\/famipaberlin.de\/tr\/event\/yaslilikta-goeruelen-hastaliklar-bilgilendirme-etkinligi-ve-aktiv-katilim-kursu\/\" \/>\n<meta property=\"og:site_name\" content=\"FaMiPA\" \/>\n<meta property=\"og:image\" content=\"https:\/\/famipaberlin.de\/wp-content\/uploads\/Design-ohne-Titel-2-e1771841259905.png\" \/>\n\t<meta property=\"og:image:width\" content=\"932\" \/>\n\t<meta property=\"og:image:height\" content=\"530\" \/>\n\t<meta property=\"og:image:type\" content=\"image\/png\" \/>\n<meta name=\"twitter:card\" content=\"summary_large_image\" \/>\n<script type=\"application\/ld+json\" class=\"yoast-schema-graph\">{\"@context\":\"https:\\\/\\\/schema.org\",\"@graph\":[{\"@type\":\"WebPage\",\"@id\":\"https:\\\/\\\/famipaberlin.de\\\/tr\\\/event\\\/yaslilikta-goeruelen-hastaliklar-bilgilendirme-etkinligi-ve-aktiv-katilim-kursu\\\/\",\"url\":\"https:\\\/\\\/famipaberlin.de\\\/tr\\\/event\\\/yaslilikta-goeruelen-hastaliklar-bilgilendirme-etkinligi-ve-aktiv-katilim-kursu\\\/\",\"name\":\"'Ya\u015fl\u0131l\u0131kta g\u00f6r\u00fclen hastal\u0131klar' bilgilendirme etkinli\u011fi ve AKTIV kat\u0131l\u0131m kursu - FaMiPA\",\"isPartOf\":{\"@id\":\"https:\\\/\\\/famipaberlin.de\\\/tr\\\/#website\"},\"primaryImageOfPage\":{\"@id\":\"https:\\\/\\\/famipaberlin.de\\\/tr\\\/event\\\/yaslilikta-goeruelen-hastaliklar-bilgilendirme-etkinligi-ve-aktiv-katilim-kursu\\\/#primaryimage\"},\"image\":{\"@id\":\"https:\\\/\\\/famipaberlin.de\\\/tr\\\/event\\\/yaslilikta-goeruelen-hastaliklar-bilgilendirme-etkinligi-ve-aktiv-katilim-kursu\\\/#primaryimage\"},\"thumbnailUrl\":\"https:\\\/\\\/famipaberlin.de\\\/wp-content\\\/uploads\\\/Design-ohne-Titel-2-e1771841259905.png\",\"datePublished\":\"2026-04-08T12:06:30+00:00\",\"breadcrumb\":{\"@id\":\"https:\\\/\\\/famipaberlin.de\\\/tr\\\/event\\\/yaslilikta-goeruelen-hastaliklar-bilgilendirme-etkinligi-ve-aktiv-katilim-kursu\\\/#breadcrumb\"},\"inLanguage\":\"tr\",\"potentialAction\":[{\"@type\":\"ReadAction\",\"target\":[\"https:\\\/\\\/famipaberlin.de\\\/tr\\\/event\\\/yaslilikta-goeruelen-hastaliklar-bilgilendirme-etkinligi-ve-aktiv-katilim-kursu\\\/\"]}]},{\"@type\":\"ImageObject\",\"inLanguage\":\"tr\",\"@id\":\"https:\\\/\\\/famipaberlin.de\\\/tr\\\/event\\\/yaslilikta-goeruelen-hastaliklar-bilgilendirme-etkinligi-ve-aktiv-katilim-kursu\\\/#primaryimage\",\"url\":\"https:\\\/\\\/famipaberlin.de\\\/wp-content\\\/uploads\\\/Design-ohne-Titel-2-e1771841259905.png\",\"contentUrl\":\"https:\\\/\\\/famipaberlin.de\\\/wp-content\\\/uploads\\\/Design-ohne-Titel-2-e1771841259905.png\",\"width\":932,\"height\":530,\"caption\":\"Psikososyal Sa\u011fl\u0131\u011f\u0131 Geli\u015ftirme Derne\u011fi Logosu\"},{\"@type\":\"BreadcrumbList\",\"@id\":\"https:\\\/\\\/famipaberlin.de\\\/tr\\\/event\\\/yaslilikta-goeruelen-hastaliklar-bilgilendirme-etkinligi-ve-aktiv-katilim-kursu\\\/#breadcrumb\",\"itemListElement\":[{\"@type\":\"ListItem\",\"position\":1,\"name\":\"Startseite\",\"item\":\"https:\\\/\\\/famipaberlin.de\\\/tr\\\/\"},{\"@type\":\"ListItem\",\"position\":2,\"name\":\"&#8218;Ya\u015fl\u0131l\u0131kta g\u00f6r\u00fclen hastal\u0131klar&#8216; bilgilendirme etkinli\u011fi ve AKTIV kat\u0131l\u0131m kursu\"}]},{\"@type\":\"WebSite\",\"@id\":\"https:\\\/\\\/famipaberlin.de\\\/tr\\\/#website\",\"url\":\"https:\\\/\\\/famipaberlin.de\\\/tr\\\/\",\"name\":\"FaMiPA\",\"description\":\"Teilhabe und Sichtbarkeit \u00e4lterer Migrant*innen in Berlin\",\"publisher\":{\"@id\":\"https:\\\/\\\/famipaberlin.de\\\/tr\\\/#organization\"},\"potentialAction\":[{\"@type\":\"SearchAction\",\"target\":{\"@type\":\"EntryPoint\",\"urlTemplate\":\"https:\\\/\\\/famipaberlin.de\\\/tr\\\/?s={search_term_string}\"},\"query-input\":{\"@type\":\"PropertyValueSpecification\",\"valueRequired\":true,\"valueName\":\"search_term_string\"}}],\"inLanguage\":\"tr\"},{\"@type\":\"Organization\",\"@id\":\"https:\\\/\\\/famipaberlin.de\\\/tr\\\/#organization\",\"name\":\"FaMiPA\",\"url\":\"https:\\\/\\\/famipaberlin.de\\\/tr\\\/\",\"logo\":{\"@type\":\"ImageObject\",\"inLanguage\":\"tr\",\"@id\":\"https:\\\/\\\/famipaberlin.de\\\/tr\\\/#\\\/schema\\\/logo\\\/image\\\/\",\"url\":\"https:\\\/\\\/famipaberlin.de\\\/wp-content\\\/uploads\\\/famipa-logo.svg\",\"contentUrl\":\"https:\\\/\\\/famipaberlin.de\\\/wp-content\\\/uploads\\\/famipa-logo.svg\",\"width\":143,\"height\":48,\"caption\":\"FaMiPA\"},\"image\":{\"@id\":\"https:\\\/\\\/famipaberlin.de\\\/tr\\\/#\\\/schema\\\/logo\\\/image\\\/\"}}]}<\/script>\n<!-- \/ Yoast SEO plugin. -->","yoast_head_json":{"title":"'Ya\u015fl\u0131l\u0131kta g\u00f6r\u00fclen hastal\u0131klar' bilgilendirme etkinli\u011fi ve AKTIV kat\u0131l\u0131m kursu - FaMiPA","robots":{"index":"index","follow":"follow","max-snippet":"max-snippet:-1","max-image-preview":"max-image-preview:large","max-video-preview":"max-video-preview:-1"},"canonical":"https:\/\/famipaberlin.de\/tr\/event\/yaslilikta-goeruelen-hastaliklar-bilgilendirme-etkinligi-ve-aktiv-katilim-kursu\/","og_locale":"tr_TR","og_type":"article","og_title":"'Ya\u015fl\u0131l\u0131kta g\u00f6r\u00fclen hastal\u0131klar' bilgilendirme etkinli\u011fi ve AKTIV kat\u0131l\u0131m kursu - FaMiPA","og_url":"https:\/\/famipaberlin.de\/tr\/event\/yaslilikta-goeruelen-hastaliklar-bilgilendirme-etkinligi-ve-aktiv-katilim-kursu\/","og_site_name":"FaMiPA","og_image":[{"width":932,"height":530,"url":"https:\/\/famipaberlin.de\/wp-content\/uploads\/Design-ohne-Titel-2-e1771841259905.png","type":"image\/png"}],"twitter_card":"summary_large_image","schema":{"@context":"https:\/\/schema.org","@graph":[{"@type":"WebPage","@id":"https:\/\/famipaberlin.de\/tr\/event\/yaslilikta-goeruelen-hastaliklar-bilgilendirme-etkinligi-ve-aktiv-katilim-kursu\/","url":"https:\/\/famipaberlin.de\/tr\/event\/yaslilikta-goeruelen-hastaliklar-bilgilendirme-etkinligi-ve-aktiv-katilim-kursu\/","name":"'Ya\u015fl\u0131l\u0131kta g\u00f6r\u00fclen hastal\u0131klar' bilgilendirme etkinli\u011fi ve AKTIV kat\u0131l\u0131m kursu - FaMiPA","isPartOf":{"@id":"https:\/\/famipaberlin.de\/tr\/#website"},"primaryImageOfPage":{"@id":"https:\/\/famipaberlin.de\/tr\/event\/yaslilikta-goeruelen-hastaliklar-bilgilendirme-etkinligi-ve-aktiv-katilim-kursu\/#primaryimage"},"image":{"@id":"https:\/\/famipaberlin.de\/tr\/event\/yaslilikta-goeruelen-hastaliklar-bilgilendirme-etkinligi-ve-aktiv-katilim-kursu\/#primaryimage"},"thumbnailUrl":"https:\/\/famipaberlin.de\/wp-content\/uploads\/Design-ohne-Titel-2-e1771841259905.png","datePublished":"2026-04-08T12:06:30+00:00","breadcrumb":{"@id":"https:\/\/famipaberlin.de\/tr\/event\/yaslilikta-goeruelen-hastaliklar-bilgilendirme-etkinligi-ve-aktiv-katilim-kursu\/#breadcrumb"},"inLanguage":"tr","potentialAction":[{"@type":"ReadAction","target":["https:\/\/famipaberlin.de\/tr\/event\/yaslilikta-goeruelen-hastaliklar-bilgilendirme-etkinligi-ve-aktiv-katilim-kursu\/"]}]},{"@type":"ImageObject","inLanguage":"tr","@id":"https:\/\/famipaberlin.de\/tr\/event\/yaslilikta-goeruelen-hastaliklar-bilgilendirme-etkinligi-ve-aktiv-katilim-kursu\/#primaryimage","url":"https:\/\/famipaberlin.de\/wp-content\/uploads\/Design-ohne-Titel-2-e1771841259905.png","contentUrl":"https:\/\/famipaberlin.de\/wp-content\/uploads\/Design-ohne-Titel-2-e1771841259905.png","width":932,"height":530,"caption":"Psikososyal Sa\u011fl\u0131\u011f\u0131 Geli\u015ftirme Derne\u011fi Logosu"},{"@type":"BreadcrumbList","@id":"https:\/\/famipaberlin.de\/tr\/event\/yaslilikta-goeruelen-hastaliklar-bilgilendirme-etkinligi-ve-aktiv-katilim-kursu\/#breadcrumb","itemListElement":[{"@type":"ListItem","position":1,"name":"Startseite","item":"https:\/\/famipaberlin.de\/tr\/"},{"@type":"ListItem","position":2,"name":"&#8218;Ya\u015fl\u0131l\u0131kta g\u00f6r\u00fclen hastal\u0131klar&#8216; bilgilendirme etkinli\u011fi ve AKTIV kat\u0131l\u0131m kursu"}]},{"@type":"WebSite","@id":"https:\/\/famipaberlin.de\/tr\/#website","url":"https:\/\/famipaberlin.de\/tr\/","name":"FaMiPA","description":"Teilhabe und Sichtbarkeit \u00e4lterer Migrant*innen in Berlin","publisher":{"@id":"https:\/\/famipaberlin.de\/tr\/#organization"},"potentialAction":[{"@type":"SearchAction","target":{"@type":"EntryPoint","urlTemplate":"https:\/\/famipaberlin.de\/tr\/?s={search_term_string}"},"query-input":{"@type":"PropertyValueSpecification","valueRequired":true,"valueName":"search_term_string"}}],"inLanguage":"tr"},{"@type":"Organization","@id":"https:\/\/famipaberlin.de\/tr\/#organization","name":"FaMiPA","url":"https:\/\/famipaberlin.de\/tr\/","logo":{"@type":"ImageObject","inLanguage":"tr","@id":"https:\/\/famipaberlin.de\/tr\/#\/schema\/logo\/image\/","url":"https:\/\/famipaberlin.de\/wp-content\/uploads\/famipa-logo.svg","contentUrl":"https:\/\/famipaberlin.de\/wp-content\/uploads\/famipa-logo.svg","width":143,"height":48,"caption":"FaMiPA"},"image":{"@id":"https:\/\/famipaberlin.de\/tr\/#\/schema\/logo\/image\/"}}]}},"_links":{"self":[{"href":"https:\/\/famipaberlin.de\/tr\/wp-json\/wp\/v2\/event\/3280","targetHints":{"allow":["GET"]}}],"collection":[{"href":"https:\/\/famipaberlin.de\/tr\/wp-json\/wp\/v2\/event"}],"about":[{"href":"https:\/\/famipaberlin.de\/tr\/wp-json\/wp\/v2\/types\/event"}],"wp:featuredmedia":[{"embeddable":true,"href":"https:\/\/famipaberlin.de\/tr\/wp-json\/wp\/v2\/media\/2366"}],"wp:attachment":[{"href":"https:\/\/famipaberlin.de\/tr\/wp-json\/wp\/v2\/media?parent=3280"}],"wp:term":[{"taxonomy":"target-group","embeddable":true,"href":"https:\/\/famipaberlin.de\/tr\/wp-json\/wp\/v2\/target-group?post=3280"}],"curies":[{"name":"wp","href":"https:\/\/api.w.org\/{rel}","templated":true}]}}

&#8216;Yaşlılıkta görülen hastalıklar&#8217; bilgilendirme etkinliği ve AKTIV katılım kursu

<!-- This site is optimized with the Yoast SEO plugin v27.3 - https://yoast.com/product/yoast-seo-wordpress/ -->
<title>&#039;Yaşlılıkta görülen hastalıklar&#039; bilgilendirme etkinliği ve AKTIV katılım kursu - FaMiPA</title>
<meta name="robots" content="index, follow, max-snippet:-1, max-image-preview:large, max-video-preview:-1" />
<link rel="canonical" href="https://famipaberlin.de/tr/event/yaslilikta-goeruelen-hastaliklar-bilgilendirme-etkinligi-ve-aktiv-katilim-kursu/" />
<meta property="og:locale" content="tr_TR" />
<meta property="og:type" content="article" />
<meta property="og:title" content="&#039;Yaşlılıkta görülen hastalıklar&#039; bilgilendirme etkinliği ve AKTIV katılım kursu - FaMiPA" />
<meta property="og:url" content="https://famipaberlin.de/tr/event/yaslilikta-goeruelen-hastaliklar-bilgilendirme-etkinligi-ve-aktiv-katilim-kursu/" />
<meta property="og:site_name" content="FaMiPA" />
<meta property="og:image" content="https://famipaberlin.de/wp-content/uploads/Design-ohne-Titel-2-e1771841259905.png" />
	<meta property="og:image:width" content="932" />
	<meta property="og:image:height" content="530" />
	<meta property="og:image:type" content="image/png" />
<meta name="twitter:card" content="summary_large_image" />
<script type="application/ld+json" class="yoast-schema-graph">{"@context":"https:\/\/schema.org","@graph":[{"@type":"WebPage","@id":"https:\/\/famipaberlin.de\/tr\/event\/yaslilikta-goeruelen-hastaliklar-bilgilendirme-etkinligi-ve-aktiv-katilim-kursu\/","url":"https:\/\/famipaberlin.de\/tr\/event\/yaslilikta-goeruelen-hastaliklar-bilgilendirme-etkinligi-ve-aktiv-katilim-kursu\/","name":"'Yaşlılıkta görülen hastalıklar' bilgilendirme etkinliği ve AKTIV katılım kursu - FaMiPA","isPartOf":{"@id":"https:\/\/famipaberlin.de\/tr\/#website"},"primaryImageOfPage":{"@id":"https:\/\/famipaberlin.de\/tr\/event\/yaslilikta-goeruelen-hastaliklar-bilgilendirme-etkinligi-ve-aktiv-katilim-kursu\/#primaryimage"},"image":{"@id":"https:\/\/famipaberlin.de\/tr\/event\/yaslilikta-goeruelen-hastaliklar-bilgilendirme-etkinligi-ve-aktiv-katilim-kursu\/#primaryimage"},"thumbnailUrl":"https:\/\/famipaberlin.de\/wp-content\/uploads\/Design-ohne-Titel-2-e1771841259905.png","datePublished":"2026-04-08T12:06:30+00:00","breadcrumb":{"@id":"https:\/\/famipaberlin.de\/tr\/event\/yaslilikta-goeruelen-hastaliklar-bilgilendirme-etkinligi-ve-aktiv-katilim-kursu\/#breadcrumb"},"inLanguage":"tr","potentialAction":[{"@type":"ReadAction","target":["https:\/\/famipaberlin.de\/tr\/event\/yaslilikta-goeruelen-hastaliklar-bilgilendirme-etkinligi-ve-aktiv-katilim-kursu\/"]}]},{"@type":"ImageObject","inLanguage":"tr","@id":"https:\/\/famipaberlin.de\/tr\/event\/yaslilikta-goeruelen-hastaliklar-bilgilendirme-etkinligi-ve-aktiv-katilim-kursu\/#primaryimage","url":"https:\/\/famipaberlin.de\/wp-content\/uploads\/Design-ohne-Titel-2-e1771841259905.png","contentUrl":"https:\/\/famipaberlin.de\/wp-content\/uploads\/Design-ohne-Titel-2-e1771841259905.png","width":932,"height":530,"caption":"Psikososyal Sağlığı Geliştirme Derneği Logosu"},{"@type":"BreadcrumbList","@id":"https:\/\/famipaberlin.de\/tr\/event\/yaslilikta-goeruelen-hastaliklar-bilgilendirme-etkinligi-ve-aktiv-katilim-kursu\/#breadcrumb","itemListElement":[{"@type":"ListItem","position":1,"name":"Startseite","item":"https:\/\/famipaberlin.de\/tr\/"},{"@type":"ListItem","position":2,"name":"&#8218;Yaşlılıkta görülen hastalıklar&#8216; bilgilendirme etkinliği ve AKTIV katılım kursu"}]},{"@type":"WebSite","@id":"https:\/\/famipaberlin.de\/tr\/#website","url":"https:\/\/famipaberlin.de\/tr\/","name":"FaMiPA","description":"Teilhabe und Sichtbarkeit älterer Migrant*innen in Berlin","publisher":{"@id":"https:\/\/famipaberlin.de\/tr\/#organization"},"potentialAction":[{"@type":"SearchAction","target":{"@type":"EntryPoint","urlTemplate":"https:\/\/famipaberlin.de\/tr\/?s={search_term_string}"},"query-input":{"@type":"PropertyValueSpecification","valueRequired":true,"valueName":"search_term_string"}}],"inLanguage":"tr"},{"@type":"Organization","@id":"https:\/\/famipaberlin.de\/tr\/#organization","name":"FaMiPA","url":"https:\/\/famipaberlin.de\/tr\/","logo":{"@type":"ImageObject","inLanguage":"tr","@id":"https:\/\/famipaberlin.de\/tr\/#\/schema\/logo\/image\/","url":"https:\/\/famipaberlin.de\/wp-content\/uploads\/famipa-logo.svg","contentUrl":"https:\/\/famipaberlin.de\/wp-content\/uploads\/famipa-logo.svg","width":143,"height":48,"caption":"FaMiPA"},"image":{"@id":"https:\/\/famipaberlin.de\/tr\/#\/schema\/logo\/image\/"}}]}</script>
<!-- / Yoast SEO plugin. -->

'Yaşlılıkta görülen hastalıklar' bilgilendirme etkinliği ve AKTIV katılım kursu - FaMiPA

Psikososyal Sağlığı Geliştirme Derneği Logosu

&#8218;Yaşlılıkta görülen hastalıklar&#8216; bilgilendirme etkinliği ve AKTIV katılım kursu

Teilhabe und Sichtbarkeit älterer Migrant*innen in Berlin
